tor of j and 98?
14
Let a be ((-33)/4)/(4/(-5 + -203)). Calculate the highest common factor of a and 78.
39
Suppose 0*w = -4*w + 232. What is the highest common divisor of w and 87?
29
Suppose -225 - 195 = -5*s. Calculate the highest common factor of 210 and s.
42
Let a be ((-515)/412)/(2/(-8)). What is the highest common factor of a and 375?
5
Suppose 43*r - 37*r - 210 = 0. Suppose 0*p + a - 19 = -2*p, p - 2 = 2*a. Let q be (-46)/(-8) - 6/p. Calculate the greatest common divisor of q and r.
5
Suppose -18 = -5*b + 2. Suppose -2*x + c = -4*c - 67, 4 = b*c. What is the highest common factor of x and 4?
4
Let h(x) be the first derivative of -x**2/2 + 17*x + 24. Let k be h(14). What is the greatest common factor of k and 6?
3
Suppose 2*t - 276 = -3*m, -3*t - 30 = 3*m - 450. What is the greatest common factor of 768 and t?
48
Let q be ((-6)/(-3) - -2)*2. Let g be (-65)/(-5)*(-3 + q). Suppose 5*i + 2*w - 160 = 4*w, -g = -2*i + w. What is the highest common factor of 20 and i?
10
Let d = 3 + -17. Let s be (-832)/d - (-24)/42. What is the greatest common factor of 12 and s?
12
Suppose -2601 = -81*c + 30*c. Calculate the greatest common factor of 51 and c.
51
Let f(c) = 15*c**2 - 72*c + 10. Let z be f(5). Suppose 2*y + 2 = 22. Calculate the highest common factor of y and z.
5
Let y be (2/(-3))/((-14)/105). Suppose -3*x = -y*k + 335, 4*x + 0*x = -4*k + 236. Calculate the highest common divisor of 8 and k.
8
Let m = 500 - 60. What is the highest common divisor of 40 and m?
40
Let b = 18 + -19. Let f be b - (3 - 9/((-9)/(-14))). Let g = -17 + 32. Calculate the greatest common factor of f and g.
5
Let j(x) = x**3 - 11*x**2 - 27*x + 43. Let r be j(13). Calculate the highest common divisor of 50 and r.
10
Let j = -273 + 276. Calculate the highest common factor of j and 6.
3
Suppose -3*g - 2 = -5*g. Suppose 0 = -3*u + 9. Suppose -4*n - 2*j + j = -18, 14 = 4*n + u*j. What is the greatest common divisor of g and n?
1
Let a = 87 + -72. What is the highest common divisor of a and 120?
15
Suppose -9 - 19 = -4*u. Let y(r) = -3*r**3 + 9*r + 9. Let q be y(-3). Calculate the highest common factor of q and u.
7
Let t(r) = -166*r - 36. Let n be t(-3). Calculate the highest common factor of 33 and n.
33
Suppose -4*y + 6*b + 298 = 4*b, 2*y - 5*b - 153 = 0. Let x = y - 25. What is the greatest common divisor of 7 and x?
7
Let v be 91/2 - (-3)/(-10)*5. Let d be 65/1 - (-2 + 1). Calculate the highest common divisor of d and v.
22
Let z(j) = 5*j - 44. Let w be z(9). What is the greatest common divisor of 23 and w?
1
Suppose 7*k - 824 = 1080. Calculate the greatest common divisor of 153 and k.
17
Let x be 1 + 192 - 24/6. What is the highest common factor of 21 and x?
21
Suppose 4*i = 38 + 122. Let d = i + 64. Calculate the highest common factor of 26 and d.
26
Let w be (1 - -2)*(-411)/(-9). Let h = w + -27. What is the highest common divisor of 10 and h?
10
Let q(t) = -t**3 - 8*t**2 + 5. Let b be q(-8). Let x(h) = -2*h + 8 - h + 4*h. Let k be x(b). Calculate the highest common factor of k and 13.
13
Let a = -166 + 118. Let x be ((-45)/(-12))/((-4)/a). Suppose -i + 2*s = -16 + 3, 2*i - s - 20 = 0. Calculate the highest common divisor of x and i.
9
Let l = -403 + 863. What is the highest common divisor of 100 and l?
20
Suppose 5*l - 107 - 78 = 0. Let x = 52 - l. Calculate the highest common factor of x and 6.
3
Suppose -30*s + 29*s + 1 = 0, 2*m - 212 = 4*s. Calculate the greatest common factor of 513 and m.
27
Suppose 5*x = -4*u + 1787, 0*x - 2*x - 2*u = -716. Suppose 3*h + 0*h - x = -o, -375 = -3*h + 3*o. Calculate the highest common divisor of h and 48.
24
Let d(a) = -2*a**3 - 5*a**2 - 4*a - 5. Let c be d(-3). Calculate the highest common divisor of c and 48.
16
Suppose 66*f - 1734 = -678. What is the highest common divisor of f and 4?
4
Let m(t) = -12*t. Suppose 0 = 12*z - 11*z + 6. Let k be m(z). What is the greatest common divisor of 36 and k?
36
Let a be 35/(-175) + (-26)/(-5). What is the greatest common factor of a and 155?
5
Let s(q) = 32*q - 41. Let v be s(9). What is the highest common factor of 13 and v?
13
Let i(n) = -2*n**3 - n**2 - 2*n - 1. Let v be i(-1). Suppose 0 = v*f - 88 + 70. Calculate the greatest common factor of 1 and f.
1
Let z be 3/6 + (-241)/(-2). Suppose p = -3*p - 20, 5*p = 4*t - z. What is the greatest common factor of t and 60?
12
Let r = -18 + 32. Let l(w) = -w**2 - 14*w - 27. Suppose -4*y - 46 = -14. Let p be l(y). What is the greatest common factor of r and p?
7
Suppose -210 = -4*r + 54. Suppose 62*a + 76 = r*a. What is the greatest common factor of 171 and a?
19
Suppose 0 - 5 = -5*x. Let t be 0 - (x - 1) - -9. Let g = 14 - t. What is the highest common divisor of 1 and g?
1
Suppose -3*q + l + 25 = 0, -2*l - 4 = -2*q + 6. Let v = -12 + 12. Suppose v = 16*b - 18*b + 8. Calculate the highest common factor of q and b.
2
Suppose 3*s - 24 = -s. Let i(m) = m + 2. Let y be i(-5). Let w(j) = -2*j**3 - 2*j**2 - 6*j - 6. Let o be w(y). What is the highest common factor of s and o?
6
Let d be 8 + (-368 - 1)/(-9). Calculate the greatest common divisor of d and 637.
49
Let y be 2*-20*(-15)/20. Let i(d) = 2*d**2 - 4*d - 38. Let a be i(-4). What is the highest common factor of y and a?
10
Let q be 1 - (3 + (0 - 4)). Suppose -q*s + 4*u + 420 = s, 711 = 5*s - 3*u. Calculate the greatest common divisor of 9 and s.
9
Let y be 1684/3 + (-6)/27*6. Calculate the greatest common factor of 240 and y.
80
Let h be 3 - 1*(-108)/4. Let q(k) = k**2 - 3*k - 3. Suppose 8 + 0 = 3*p + 2*t, 0 = 2*p - 2*t - 22. Let y be q(p). What is the greatest common factor of y and h?
15
Suppose 0*r = -5*y + 3*r + 73, 24 = 2*y + 4*r. Suppose -s = -2 - y. Suppose -5*u + 45 = -35. What is the highest common factor of s and u?
16
Suppose -5*h + 3*v - 4 = -18, 0 = 2*h + 3*v + 7. Let q be -3 - (0 - h - -2). Let m = 0 - q. Calculate the highest common factor of 10 and m.
2
Let p be 0/(-2)*2/(-4). Suppose -36 = -25*s + 19*s. Let o = s + p. What is the greatest common divisor of 30 and o?
6
Let j be -8*14/(-16)*(-138)/(-161). Calculate the highest common factor of 9 and j.
3
Let s(w) = 16*w**2 - w + 2. Let f be s(-2). Suppose -5*k + 62 = -f. Let l = 46 - k. What is the greatest common divisor of l and 50?
10
Let j = 15 + -11. Suppose -3*b + j*b = 20. Let n = 28718 - 28638. What is the greatest common factor of n and b?
20
Let m(h) = h**2 - 3*h - 9. Let u be 1/(-3) + (-48)/(-36). Let x be u + -5 + (10 - 12). Let z be m(x). Calculate the highest common factor of 18 and z.
9
Suppose 12*j - 77 = 199. Calculate the greatest common divisor of j and 23.
23
Let c(y) = 6*y**2 + 5*y - 3. Let z be c(1). Calculate the greatest common factor of z and 568.
8
Suppose u - o = 12, 0 = -0*u - u - 4*o + 12. Let g be -148*(u/3 - 5). Let r be -3*g/(-12) - 2. What is the highest common divisor of 7 and r?
7
Suppose 3*z + 3*m - m = 322, z - 102 = -2*m. Suppose -z = c + 4*c. Let p = -11 - c. What is the greatest common divisor of p and 11?
11
Suppose 0 = -3*g + 3 + 3. Suppose 5*p = 2*r + 74, g*p + 3*r + 7 = 3*p. Let i = p - 13. Calculate the highest common factor of 27 and i.
3
Suppose 1260 = 8*h + 300. Suppose -6*t = 2*t - h. Calculate the highest common divisor of t and 15.
15
Let l(r) = r**2 - 4*r - 190. Let q be l(-12). What is the greatest common divisor of 59 and q?
1
Let g(v) = -v**2 - 30*v + 663. Let r be g(-41). Calculate the greatest common factor of 12 and r.
4
Let h = 1062 - 1038. Calculate the greatest common factor of 54 and h.
6
Let c(w) = 64*w - 33*w - 30*w. Let z be c(3). Suppose 2*o + 2*s = 10, 5*o + 3*s - 40 = -13. Calculate the greatest common factor of z and o.
3
Suppose 3*b - 1 = a - 0*b, -4*a = 5*b - 30. Suppose d - 25 = -4*l, -11 = l + a*d - 3. Let t = -17 + 31. Calculate the greatest common factor of l and t.
7
Let j(w) = 12*w - 8. Suppose -d - 8 = -4*c - 1, -3*d + 9 = -2*c. Let r be j(c). What is the greatest common divisor of 196 and r?
28
Let l = 263 - -250. Calculate the greatest common factor of l and 19.
19
Suppose -4*i - 12 = -7*i. Suppose -j + 9 = -i*j, j - 231 = -p. Suppose 16*m - 338 = 3*m. What is the highest common divisor of p and m?
26
Suppose 0 = 3*k - 6*k. Suppose 5*i - 10 = 2*p, k*i + 4*i = -5*p + 41. What is the highest common divisor of p and 10?
5
Let x(l) = 37*l + 1. Let h